{"id":29,"date":"2020-02-28T12:34:24","date_gmt":"2020-02-28T11:34:24","guid":{"rendered":"https:\/\/www.parrocchiasmbc.it\/SMBC\/?page_id=29"},"modified":"2020-02-28T19:54:08","modified_gmt":"2020-02-28T18:54:08","slug":"la-parrocchia","status":"publish","type":"page","link":"https:\/\/www.parrocchiasmbc.it\/SMBC\/la-parrocchia\/","title":{"rendered":"La Parrocchia"},"content":{"rendered":"\n<p class=\"wp-block-paragraph\">\u201cLa comunione ecclesiale, pur avendo sempre una dimensione universale, trova la sua espressione pi\u00f9 immediata e visibile nella parrocchia: essa \u00e8 l\u2019ultima localizzazione della Chiesa, \u00e8 in un certo senso la Chiesa stessa che vive in mezzo alle case dei suoi figli e delle sue figlie.<br>\nE\u2019 necessario che tutti riscopriamo, nella fede, il vero volto della parrocchia, ossia il \u00abmistero\u00bb stesso della Chiesa presente e operante in essa: anche se a volte povera di persone e di mezzi, anche se altre volte dispersa su territori quanto mai vasti o quasi introvabile all\u2019interno di popolosi e caotici quartieri moderni, la parrocchia non \u00e8 principalmente una struttura, un territorio, un edificio; \u00e8 piuttosto \u00abla famiglia di Dio, come una fraternit\u00e0 animata dallo spirito d\u2019unit\u00e0\u00bb, \u00e8 \u00abuna casa di famiglia, fraterna ed accogliente\u00bb, \u00e8 la \u00abcomunit\u00e0 di fedeli\u00bb. In definitiva, la parrocchia \u00e8 fondata su di una realt\u00e0 teologica, perch\u00e9 essa \u00e8 una comunit\u00e0 eucaristica. Ci\u00f2 significa che essa \u00e8 una comunit\u00e0 idonea a celebrare l\u2019Eucaristia, nella quale stanno la radice viva del suo edificarsi e il vincolo sacramentale del suo essere in piena comunione con tutta la Chiesa. Tale idoneit\u00e0 si radica nel fatto che la parrocchia \u00e8 una comunit\u00e0 di fede e una comunit\u00e0 organica, ossia costituita dai ministri ordinati e dagli altri cristiani, nella quale il parroco -che rappresenta il Vescovo diocesano- \u00e8 il vincolo gerarchico con tutta la Chiesa particolare\u201d.<\/p>\n\n\n\n<p class=\"has-text-align-right wp-block-paragraph\">[Esortazione Apostolica Christifideles Laici, 26]<\/p>\n\n\n\n<p class=\"wp-block-paragraph\">In mezzo ai palazzi, alle case, ai negozi, alle strade di questo nostro quartiere c\u2019\u00e8, da quasi cento anni, un cuore pulsante, una sorgente di vita e di grazia.<br>\nC\u2019\u00e8, la parrocchia di S. Maria del buon consiglio, e vuole esserci ancora, grazie a Dio, accogliendo con rinnovato entusiasmo le sfide del mondo di oggi.<\/p>\n\n\n\n<p class=\"wp-block-paragraph\">Il momento pi\u00f9 importante per la vita parrocchiale \u00e8 la S. Messa domenicale. La S. Messa \u00e8 la sorgente e il culmine di tutta la vita cristiana. In un certo senso, quindi, tutto ci\u00f2 che la Parrocchia fa, lo fa in vista della Messa ed \u00e8 derivante dalla Messa: tutta la vita sacramentale viene dalla Messa ed \u00e8 orientata alla Messa.<\/p>\n\n\n\n<p class=\"wp-block-paragraph\">Altro cardine della vita Parrocchiale \u00e8 la Parola di Dio: nella Messa, nel Catechismo, nei Gruppi parrocchiali, la si legge, la si commenta, la si prega come sorgente di Fede e alimento della vita cristiana.<\/p>\n\n\n\n<p class=\"wp-block-paragraph\">La Carit\u00e0 \u00e8 la traduzione operativa della partecipazione alla S. Messa e dell\u2019ascolto della Parola. L\u2019azione caritativa vuole essere l\u2019anima e lo stile di ogni attivit\u00e0 parrocchiale, all\u2019interno ed all\u2019esterno della Comunit\u00e0 stessa.<\/p>\n\n\n\n<p class=\"wp-block-paragraph\">Un luogo, la Parrocchia, dove nascere e crescere nella fede.<br>\nUna famiglia, la Parrocchia, dove condividere le gioie e i dolori della vita.<br>\nUn cammino, la Parrocchia, lungo il quale ognuno cresce nella propria santit\u00e0.<\/p>\n","protected":false},"excerpt":{"rendered":"<p>\u201cLa comunione ecclesiale, pur avendo sempre una dimensione universale, trova la sua espressione pi\u00f9 immediata e visibile nella parrocchia: essa \u00e8 l\u2019ultima localizzazione della Chiesa, \u00e8 in un certo senso la Chiesa stessa che vive in mezzo alle case dei suoi figli e delle sue figlie. E\u2019 necessario che tutti [&hellip;]<\/p>\n","protected":false},"author":1,"featured_media":0,"parent":0,"menu_order":0,"comment_status":"closed","ping_status":"closed","template":"","meta":{"_coblocks_attr":"","_coblocks_dimensions":"","_coblocks_responsive_height":"","_coblocks_accordion_ie_support":"","footnotes":""},"class_list":["post-29","page","type-page","status-publish","hentry"],"_links":{"self":[{"href":"https:\/\/www.parrocchiasmbc.it\/SMBC\/wp-json\/wp\/v2\/pages\/29","targetHints":{"allow":["GET"]}}],"collection":[{"href":"https:\/\/www.parrocchiasmbc.it\/SMBC\/wp-json\/wp\/v2\/pages"}],"about":[{"href":"https:\/\/www.parrocchiasmbc.it\/SMBC\/wp-json\/wp\/v2\/types\/page"}],"author":[{"embeddable":true,"href":"https:\/\/www.parrocchiasmbc.it\/SMBC\/wp-json\/wp\/v2\/users\/1"}],"replies":[{"embeddable":true,"href":"https:\/\/www.parrocchiasmbc.it\/SMBC\/wp-json\/wp\/v2\/comments?post=29"}],"version-history":[{"count":2,"href":"https:\/\/www.parrocchiasmbc.it\/SMBC\/wp-json\/wp\/v2\/pages\/29\/revisions"}],"predecessor-version":[{"id":204,"href":"https:\/\/www.parrocchiasmbc.it\/SMBC\/wp-json\/wp\/v2\/pages\/29\/revisions\/204"}],"wp:attachment":[{"href":"https:\/\/www.parrocchiasmbc.it\/SMBC\/wp-json\/wp\/v2\/media?parent=29"}],"curies":[{"name":"wp","href":"https:\/\/api.w.org\/{rel}","templated":true}]}}

<p class="wp-block-paragraph">“La comunione ecclesiale, pur avendo sempre una dimensione universale, trova la sua espressione più immediata e visibile nella parrocchia: essa è l’ultima localizzazione della Chiesa, è in un certo senso la Chiesa stessa che vive in mezzo alle case dei suoi figli e delle sue figlie.<br>
E’ necessario che tutti riscopriamo, nella fede, il vero volto della parrocchia, ossia il «mistero» stesso della Chiesa presente e operante in essa: anche se a volte povera di persone e di mezzi, anche se altre volte dispersa su territori quanto mai vasti o quasi introvabile all’interno di popolosi e caotici quartieri moderni, la parrocchia non è principalmente una struttura, un territorio, un edificio; è piuttosto «la famiglia di Dio, come una fraternità animata dallo spirito d’unità», è «una casa di famiglia, fraterna ed accogliente», è la «comunità di fedeli». In definitiva, la parrocchia è fondata su di una realtà teologica, perché essa è una comunità eucaristica. Ciò significa che essa è una comunità idonea a celebrare l’Eucaristia, nella quale stanno la radice viva del suo edificarsi e il vincolo sacramentale del suo essere in piena comunione con tutta la Chiesa. Tale idoneità si radica nel fatto che la parrocchia è una comunità di fede e una comunità organica, ossia costituita dai ministri ordinati e dagli altri cristiani, nella quale il parroco -che rappresenta il Vescovo diocesano- è il vincolo gerarchico con tutta la Chiesa particolare”.</p>



<p class="has-text-align-right wp-block-paragraph">[Esortazione Apostolica Christifideles Laici, 26]</p>



<p class="wp-block-paragraph">In mezzo ai palazzi, alle case, ai negozi, alle strade di questo nostro quartiere c’è, da quasi cento anni, un cuore pulsante, una sorgente di vita e di grazia.<br>
C’è, la parrocchia di S. Maria del buon consiglio, e vuole esserci ancora, grazie a Dio, accogliendo con rinnovato entusiasmo le sfide del mondo di oggi.</p>



<p class="wp-block-paragraph">Il momento più importante per la vita parrocchiale è la S. Messa domenicale. La S. Messa è la sorgente e il culmine di tutta la vita cristiana. In un certo senso, quindi, tutto ciò che la Parrocchia fa, lo fa in vista della Messa ed è derivante dalla Messa: tutta la vita sacramentale viene dalla Messa ed è orientata alla Messa.</p>



<p class="wp-block-paragraph">Altro cardine della vita Parrocchiale è la Parola di Dio: nella Messa, nel Catechismo, nei Gruppi parrocchiali, la si legge, la si commenta, la si prega come sorgente di Fede e alimento della vita cristiana.</p>



<p class="wp-block-paragraph">La Carità è la traduzione operativa della partecipazione alla S. Messa e dell’ascolto della Parola. L’azione caritativa vuole essere l’anima e lo stile di ogni attività parrocchiale, all’interno ed all’esterno della Comunità stessa.</p>



<p class="wp-block-paragraph">Un luogo, la Parrocchia, dove nascere e crescere nella fede.<br>
Una famiglia, la Parrocchia, dove condividere le gioie e i dolori della vita.<br>
Un cammino, la Parrocchia, lungo il quale ognuno cresce nella propria santità.</p>

<p>“La comunione ecclesiale, pur avendo sempre una dimensione universale, trova la sua espressione più immediata e visibile nella parrocchia: essa è l’ultima localizzazione della Chiesa, è in un certo senso la Chiesa stessa che vive in mezzo alle case dei suoi figli e delle sue figlie. E’ necessario che tutti [&hellip;]</p>
